{"id":43,"date":"2015-03-05T14:50:35","date_gmt":"2015-03-05T14:50:35","guid":{"rendered":"http:\/\/localhost\/wordpress\/?page_id=43"},"modified":"2023-04-13T08:38:15","modified_gmt":"2023-04-13T08:38:15","slug":"ueber-uns","status":"publish","type":"page","link":"http:\/\/brunnbauer-siegl.at\/?page_id=43","title":{"rendered":"\u00dcber uns"},"content":{"rendered":"<p><a href=\"http:\/\/brunnbauer-siegl.at\/wp-content\/uploads\/2023\/04\/Brunnbauer080-scaled.jpg\"><br \/>\n<img decoding=\"async\" loading=\"lazy\" class=\"wp-image-675 alignleft\" src=\"http:\/\/brunnbauer-siegl.at\/wp-content\/uploads\/2023\/04\/Brunnbauer080-300x200.jpg\" alt=\"\" width=\"277\" height=\"184\" srcset=\"http:\/\/brunnbauer-siegl.at\/wp-content\/uploads\/2023\/04\/Brunnbauer080-300x200.jpg 300w, http:\/\/brunnbauer-siegl.at\/wp-content\/uploads\/2023\/04\/Brunnbauer080-1024x683.jpg 1024w, http:\/\/brunnbauer-siegl.at\/wp-content\/uploads\/2023\/04\/Brunnbauer080-768x512.jpg 768w, http:\/\/brunnbauer-siegl.at\/wp-content\/uploads\/2023\/04\/Brunnbauer080-1536x1025.jpg 1536w, http:\/\/brunnbauer-siegl.at\/wp-content\/uploads\/2023\/04\/Brunnbauer080-2048x1366.jpg 2048w\" sizes=\"(max-width: 277px) 100vw, 277px\" \/><\/a><\/p>\n<div style=\"float: right; width: 65%; position: relative;\">\n<p>Unser Familienbetrieb liegt im s\u00fcdlichen M\u00fchlviertel auf einer Seeh\u00f6he von ca.340 m. Seit fast 300 Jahren ist das Brunnbauerngut im Familienbesitz und tr\u00e4gt dadurch den Titel Erbhof.<br \/>\nIm Jahr 1966 wurden die ersten Obstb\u00e4ume gepflanzt. Seit der Hof\u00fcbernahme 2007 von Sandra und Martin Siegl und der damit begonnenen Obstverarbeitung wird der Betrieb im Vollerwerb gef\u00fchrt.<\/p>\n<p>Die warmen Sommertage und die k\u00fchlen Herbstn\u00e4chte beg\u00fcnstigen die Ausbildung von intensiven Aromen und wertvollen Inhaltsstoffen in unseren Fr\u00fcchten. Und das schmeckt man.<\/p>\n<p>Die Ernte erfolgt mit gro\u00dfer M\u00fche, sehr viel Liebe und Sorgfalt in mehreren Erntedurchg\u00e4ngen. Die Fr\u00fcchte werden h\u00e4ndisch geerntet und danach rasch mit modernster Technik weiterverarbeitet.<\/p>\n<p>Um den Qualit\u00e4tsstandards unserer Kunden gerecht zu werden, legen wir sehr viel Wert auf Innovation, st\u00e4ndige Weiterbildung und konsequentes Qualit\u00e4tsdenken.<\/p>\n<p>Die vielen Auszeichnungen bei verschiedenen Verkostungen spiegeln den hohen Qualit\u00e4tsanspruch, den wir an unsere Produkte stellen, wider.<\/p>\n<\/div>\n","protected":false},"excerpt":{"rendered":"<p>Unser Familienbetrieb liegt im s\u00fcdlichen M\u00fchlviertel auf einer Seeh\u00f6he von ca.340 m. Seit fast 300 Jahren ist das Brunnbauerngut im Familienbesitz und tr\u00e4gt dadurch den Titel Erbhof. Im Jahr 1966 wurden die ersten Obstb\u00e4ume gepflanzt. Seit der Hof\u00fcbernahme 2007 von Sandra und Martin Siegl und der damit begonnenen Obstverarbeitung wird der Betrieb im Vollerwerb gef\u00fchrt.<span class=\"before-more-link\">&#8230;<\/span><a class=\"more-link\" href=\"http:\/\/brunnbauer-siegl.at\/?page_id=43\">Read more &#8230;<\/a><\/p>\n","protected":false},"author":1,"featured_media":0,"parent":0,"menu_order":0,"comment_status":"open","ping_status":"closed","template":"","meta":[],"jetpack_sharing_enabled":true,"_links":{"self":[{"href":"http:\/\/brunnbauer-siegl.at\/index.php?rest_route=\/wp\/v2\/pages\/43"}],"collection":[{"href":"http:\/\/brunnbauer-siegl.at\/index.php?rest_route=\/wp\/v2\/pages"}],"about":[{"href":"http:\/\/brunnbauer-siegl.at\/index.php?rest_route=\/wp\/v2\/types\/page"}],"author":[{"embeddable":true,"href":"http:\/\/brunnbauer-siegl.at\/index.php?rest_route=\/wp\/v2\/users\/1"}],"replies":[{"embeddable":true,"href":"http:\/\/brunnbauer-siegl.at\/index.php?rest_route=%2Fwp%2Fv2%2Fcomments&post=43"}],"version-history":[{"count":6,"href":"http:\/\/brunnbauer-siegl.at\/index.php?rest_route=\/wp\/v2\/pages\/43\/revisions"}],"predecessor-version":[{"id":693,"href":"http:\/\/brunnbauer-siegl.at\/index.php?rest_route=\/wp\/v2\/pages\/43\/revisions\/693"}],"wp:attachment":[{"href":"http:\/\/brunnbauer-siegl.at\/index.php?rest_route=%2Fwp%2Fv2%2Fmedia&parent=43"}],"curies":[{"name":"wp","href":"https:\/\/api.w.org\/{rel}","templated":true}]}}