{"id":52,"date":"2015-03-05T14:58:41","date_gmt":"2015-03-05T14:58:41","guid":{"rendered":"http:\/\/localhost\/wordpress\/?page_id=52"},"modified":"2023-04-12T16:02:33","modified_gmt":"2023-04-12T16:02:33","slug":"most","status":"publish","type":"page","link":"http:\/\/brunnbauer-siegl.at\/?page_id=52","title":{"rendered":"Most"},"content":{"rendered":"<div style=\"float: left; width: 30%; position: absolut;\">\n<p><a href=\"http:\/\/brunnbauer-siegl.at\/wp-content\/uploads\/2023\/04\/Brunnbauer110-scaled.jpg\"><img decoding=\"async\" loading=\"lazy\" class=\"alignleft wp-image-677 size-medium\" src=\"http:\/\/brunnbauer-siegl.at\/wp-content\/uploads\/2023\/04\/Brunnbauer110-300x200.jpg\" alt=\"\" width=\"300\" height=\"200\" srcset=\"http:\/\/brunnbauer-siegl.at\/wp-content\/uploads\/2023\/04\/Brunnbauer110-300x200.jpg 300w, http:\/\/brunnbauer-siegl.at\/wp-content\/uploads\/2023\/04\/Brunnbauer110-1024x683.jpg 1024w, http:\/\/brunnbauer-siegl.at\/wp-content\/uploads\/2023\/04\/Brunnbauer110-768x512.jpg 768w, http:\/\/brunnbauer-siegl.at\/wp-content\/uploads\/2023\/04\/Brunnbauer110-1536x1025.jpg 1536w, http:\/\/brunnbauer-siegl.at\/wp-content\/uploads\/2023\/04\/Brunnbauer110-2048x1366.jpg 2048w\" sizes=\"(max-width: 300px) 100vw, 300px\" \/><\/a><\/p>\n<\/div>\n<div style=\"float: right; width: 65%; position: relative;\">\n<p>Der &#8222;neue Most\u201c\u00a0 ist keineswegs mit dem altbekannten Getr\u00e4nk zu vergleichen. Der Unterschied zeichnet sich schon in der Auswahl der Fr\u00fcchte ab, wobei nur ausgew\u00e4hlte, vollreife und von Hand geerntete Fr\u00fcchte, die ein optimales Zucker-S\u00e4ure-Verh\u00e4ltnis aufweisen, verarbeitet werden.\u00a0 Bei der aromaschonenden Verg\u00e4rung im Edelstahltank k\u00f6nnen sich die sortentypischen Eigenschaften voll entfalten. Sein frisch fruchtiger Charakter garantiert h\u00f6chsten Trinkgenuss.<\/p>\n<p><b>Frische, Fruchtigkeit und ausgewogene Leichtigkeit pr\u00e4gen unsere Apfelweine!<\/b><\/p>\n<p><strong>Erh\u00e4ltlich bei uns :<\/strong><\/p>\n<p style=\"padding-left: 150px;\">Apfelmost<\/p>\n<p style=\"padding-left: 150px;\">Apfel-Birnenmost<\/p>\n<p style=\"padding-left: 150px;\">Birnenmost<\/p>\n<p style=\"padding-left: 150px;\">Jungmost<\/p>\n<p>F\u00fcr jeden Geschmack ist etwas dabei:\u00a0 von trocken bis lieblich &#8211; von mild bis s\u00e4urebetont<\/p>\n<\/div>\n","protected":false},"excerpt":{"rendered":"<p>Der &#8222;neue Most\u201c\u00a0 ist keineswegs mit dem altbekannten Getr\u00e4nk zu vergleichen. Der Unterschied zeichnet sich schon in der Auswahl der Fr\u00fcchte ab, wobei nur ausgew\u00e4hlte, vollreife und von Hand geerntete Fr\u00fcchte, die ein optimales Zucker-S\u00e4ure-Verh\u00e4ltnis aufweisen, verarbeitet werden.\u00a0 Bei der aromaschonenden Verg\u00e4rung im Edelstahltank k\u00f6nnen sich die sortentypischen Eigenschaften voll entfalten. Sein frisch fruchtiger Charakter<span class=\"before-more-link\">&#8230;<\/span><a class=\"more-link\" href=\"http:\/\/brunnbauer-siegl.at\/?page_id=52\">Read more &#8230;<\/a><\/p>\n","protected":false},"author":1,"featured_media":0,"parent":0,"menu_order":0,"comment_status":"open","ping_status":"closed","template":"","meta":[],"jetpack_sharing_enabled":true,"_links":{"self":[{"href":"http:\/\/brunnbauer-siegl.at\/index.php?rest_route=\/wp\/v2\/pages\/52"}],"collection":[{"href":"http:\/\/brunnbauer-siegl.at\/index.php?rest_route=\/wp\/v2\/pages"}],"about":[{"href":"http:\/\/brunnbauer-siegl.at\/index.php?rest_route=\/wp\/v2\/types\/page"}],"author":[{"embeddable":true,"href":"http:\/\/brunnbauer-siegl.at\/index.php?rest_route=\/wp\/v2\/users\/1"}],"replies":[{"embeddable":true,"href":"http:\/\/brunnbauer-siegl.at\/index.php?rest_route=%2Fwp%2Fv2%2Fcomments&post=52"}],"version-history":[{"count":2,"href":"http:\/\/brunnbauer-siegl.at\/index.php?rest_route=\/wp\/v2\/pages\/52\/revisions"}],"predecessor-version":[{"id":687,"href":"http:\/\/brunnbauer-siegl.at\/index.php?rest_route=\/wp\/v2\/pages\/52\/revisions\/687"}],"wp:attachment":[{"href":"http:\/\/brunnbauer-siegl.at\/index.php?rest_route=%2Fwp%2Fv2%2Fmedia&parent=52"}],"curies":[{"name":"wp","href":"https:\/\/api.w.org\/{rel}","templated":true}]}}

<div style="float: left; width: 30%; position: absolut;">
<p><a href="http://brunnbauer-siegl.at/wp-content/uploads/2023/04/Brunnbauer110-scaled.jpg"><img decoding="async" loading="lazy" class="alignleft wp-image-677 size-medium" src="http://brunnbauer-siegl.at/wp-content/uploads/2023/04/Brunnbauer110-300x200.jpg" alt="" width="300" height="200" srcset="http://brunnbauer-siegl.at/wp-content/uploads/2023/04/Brunnbauer110-300x200.jpg 300w, http://brunnbauer-siegl.at/wp-content/uploads/2023/04/Brunnbauer110-1024x683.jpg 1024w, http://brunnbauer-siegl.at/wp-content/uploads/2023/04/Brunnbauer110-768x512.jpg 768w, http://brunnbauer-siegl.at/wp-content/uploads/2023/04/Brunnbauer110-1536x1025.jpg 1536w, http://brunnbauer-siegl.at/wp-content/uploads/2023/04/Brunnbauer110-2048x1366.jpg 2048w" sizes="(max-width: 300px) 100vw, 300px" /></a></p>
</div>
<div style="float: right; width: 65%; position: relative;">
<p>Der &#8222;neue Most“  ist keineswegs mit dem altbekannten Getränk zu vergleichen. Der Unterschied zeichnet sich schon in der Auswahl der Früchte ab, wobei nur ausgewählte, vollreife und von Hand geerntete Früchte, die ein optimales Zucker-Säure-Verhältnis aufweisen, verarbeitet werden.  Bei der aromaschonenden Vergärung im Edelstahltank können sich die sortentypischen Eigenschaften voll entfalten. Sein frisch fruchtiger Charakter garantiert höchsten Trinkgenuss.</p>
<p><b>Frische, Fruchtigkeit und ausgewogene Leichtigkeit prägen unsere Apfelweine!</b></p>
<p><strong>Erhältlich bei uns :</strong></p>
<p style="padding-left: 150px;">Apfelmost</p>
<p style="padding-left: 150px;">Apfel-Birnenmost</p>
<p style="padding-left: 150px;">Birnenmost</p>
<p style="padding-left: 150px;">Jungmost</p>
<p>Für jeden Geschmack ist etwas dabei:  von trocken bis lieblich &#8211; von mild bis säurebetont</p>
</div>

<p>Der &#8222;neue Most“  ist keineswegs mit dem altbekannten Getränk zu vergleichen. Der Unterschied zeichnet sich schon in der Auswahl der Früchte ab, wobei nur ausgewählte, vollreife und von Hand geerntete Früchte, die ein optimales Zucker-Säure-Verhältnis aufweisen, verarbeitet werden.  Bei der aromaschonenden Vergärung im Edelstahltank können sich die sortentypischen Eigenschaften voll entfalten. Sein frisch fruchtiger Charakter<span class="before-more-link">&#8230;</span><a class="more-link" href="http://brunnbauer-siegl.at/?page_id=52">Read more &#8230;</a></p>
